{"id":60,"date":"2011-10-05T21:35:06","date_gmt":"2011-10-05T21:35:06","guid":{"rendered":"http:\/\/www.valenciabass.com\/web2\/?page_id=60"},"modified":"2024-01-15T23:07:50","modified_gmt":"2024-01-15T22:07:50","slug":"quienes-somos-3","status":"publish","type":"page","link":"https:\/\/www.valenciabass.com\/?page_id=60","title":{"rendered":"Junta Directiva"},"content":{"rendered":"<table width=\"100%\">\n<tbody>\n<tr>\n<td align=\"center\">Presidente<\/td>\n<td align=\"center\">Vicepresidente<\/td>\n<td align=\"center\">Secretario<\/td>\n<td align=\"center\">Tesorero<\/td>\n<\/tr>\n<tr>\n<td align=\"center\"><img decoding=\"async\" src=\"imagenes\/FedericoRomeu.jpg\" alt=\"\" width=\"125\"><\/td>\n<td align=\"center\"><img decoding=\"async\" src=\"imagenes\/MiguelGarcia2.jpg\" alt=\"\" width=\"125\"><\/td>\n<td align=\"center\"><img decoding=\"async\" src=\"imagenes\/JavierSanchez2.jpg\" alt=\"\" width=\"125\"><\/td>\n<td align=\"center\"><img decoding=\"async\" src=\"imagenes\/JorgeCivera2.jpg\" alt=\"\" width=\"125\"><\/td>\n<\/tr>\n<tr>\n<td align=\"center\">Fede Romeu<\/td>\n<td align=\"center\">Miguel Garc\u00eda<\/td>\n<td align=\"center\">Javier S\u00e1nchez<\/td>\n<td align=\"center\">Jorge Civera<\/td>\n<\/tr>\n<\/tbody>\n<\/table>\n<table width=\"100%\">\n<tbody>\n<tr>\n<td align=\"center\">Vocal<\/td>\n<td align=\"center\">Vocal<\/td>\n<td align=\"center\">Vocal<\/td>\n<\/tr>\n<tr>\n<td align=\"center\"><img decoding=\"async\" src=\"imagenes\/Marc2.jpg\" alt=\"\" width=\"125\"><\/td>\n<td align=\"center\"><img decoding=\"async\" src=\"imagenes\/IvanAlmerich2.jpg\" alt=\"\" width=\"125\"><\/td>\n<td align=\"center\"><img decoding=\"async\" src=\"imagenes\/NachoEscriche2.jpg\" alt=\"\" width=\"125\"><\/td>\n<\/tr>\n<tr>\n<td align=\"center\">Marc Gimeno<\/td>\n<td align=\"center\">Iv\u00e1n Almerich<\/td>\n<td align=\"center\">Nacho Escriche<\/td>\n<\/tr>\n<\/tbody>\n<\/table>\n<table width=\"100%\">\n<tbody>\n<tr>\n<td align=\"center\">Vocal<\/td>\n<td align=\"center\">Vocal<\/td>\n<td align=\"center\">Vocal<\/td>\n<td align=\"center\">Vocal<\/td>\n<\/tr>\n<tr>\n<td align=\"center\"><img decoding=\"async\" src=\"imagenes\/JoseCastroagudin2.jpg\" alt=\"\" width=\"125\"><\/td>\n<td align=\"center\"><img decoding=\"async\" src=\"imagenes\/SebasLliso2.jpg\" alt=\"\" width=\"125\"><\/td>\n<td align=\"center\"><img decoding=\"async\" src=\"imagenes\/Polo2.jpg\" alt=\"\" width=\"125\"><\/td>\n<td align=\"center\"><img decoding=\"async\" src=\"imagenes\/CristianPiqueras2.jpg\" alt=\"\" width=\"125\"><\/td>\n<\/tr>\n<tr>\n<td align=\"center\">Jos\u00e9 Castroagud\u00edn<\/td>\n<td align=\"center\">Sebas Lliso<\/td>\n<td align=\"center\">Fernando Almonacil<\/td>\n<td align=\"center\">Cristian Piqueras<\/td>\n<\/tr>\n<\/tbody>\n<\/table>\n\n\n<p><\/p>\n","protected":false},"excerpt":{"rendered":"<p>Presidente Vicepresidente Secretario Tesorero Fede Romeu Miguel Garc\u00eda Javier S\u00e1nchez Jorge Civera Vocal Vocal Vocal Marc Gimeno Iv\u00e1n Almerich Nacho Escriche Vocal Vocal Vocal Vocal Jos\u00e9 Castroagud\u00edn Sebas Lliso Fernando Almonacil Cristian Piqueras<\/p>\n <a class=\"more-link\" href=\"https:\/\/www.valenciabass.com\/?page_id=60\"><span class=\"more-msg\">Sigue leyendo &rarr;<\/span><\/a>","protected":false},"author":2,"featured_media":0,"parent":0,"menu_order":0,"comment_status":"closed","ping_status":"open","template":"","meta":{"_monsterinsights_skip_tracking":false,"_monsterinsights_sitenote_active":false,"_monsterinsights_sitenote_note":"","_monsterinsights_sitenote_category":0,"ngg_post_thumbnail":0,"footnotes":""},"class_list":["post-60","page","type-page","status-publish","hentry"],"_links":{"self":[{"href":"https:\/\/www.valenciabass.com\/index.php?rest_route=\/wp\/v2\/pages\/60","targetHints":{"allow":["GET"]}}],"collection":[{"href":"https:\/\/www.valenciabass.com\/index.php?rest_route=\/wp\/v2\/pages"}],"about":[{"href":"https:\/\/www.valenciabass.com\/index.php?rest_route=\/wp\/v2\/types\/page"}],"author":[{"embeddable":true,"href":"https:\/\/www.valenciabass.com\/index.php?rest_route=\/wp\/v2\/users\/2"}],"replies":[{"embeddable":true,"href":"https:\/\/www.valenciabass.com\/index.php?rest_route=%2Fwp%2Fv2%2Fcomments&post=60"}],"version-history":[{"count":32,"href":"https:\/\/www.valenciabass.com\/index.php?rest_route=\/wp\/v2\/pages\/60\/revisions"}],"predecessor-version":[{"id":13687,"href":"https:\/\/www.valenciabass.com\/index.php?rest_route=\/wp\/v2\/pages\/60\/revisions\/13687"}],"wp:attachment":[{"href":"https:\/\/www.valenciabass.com\/index.php?rest_route=%2Fwp%2Fv2%2Fmedia&parent=60"}],"curies":[{"name":"wp","href":"https:\/\/api.w.org\/{rel}","templated":true}]}}

<table width="100%">
<tbody>
<tr>
<td align="center">Presidente</td>
<td align="center">Vicepresidente</td>
<td align="center">Secretario</td>
<td align="center">Tesorero</td>
</tr>
<tr>
<td align="center"><img decoding="async" src="imagenes/FedericoRomeu.jpg" alt="" width="125"></td>
<td align="center"><img decoding="async" src="imagenes/MiguelGarcia2.jpg" alt="" width="125"></td>
<td align="center"><img decoding="async" src="imagenes/JavierSanchez2.jpg" alt="" width="125"></td>
<td align="center"><img decoding="async" src="imagenes/JorgeCivera2.jpg" alt="" width="125"></td>
</tr>
<tr>
<td align="center">Fede Romeu</td>
<td align="center">Miguel García</td>
<td align="center">Javier Sánchez</td>
<td align="center">Jorge Civera</td>
</tr>
</tbody>
</table>
<table width="100%">
<tbody>
<tr>
<td align="center">Vocal</td>
<td align="center">Vocal</td>
<td align="center">Vocal</td>
</tr>
<tr>
<td align="center"><img decoding="async" src="imagenes/Marc2.jpg" alt="" width="125"></td>
<td align="center"><img decoding="async" src="imagenes/IvanAlmerich2.jpg" alt="" width="125"></td>
<td align="center"><img decoding="async" src="imagenes/NachoEscriche2.jpg" alt="" width="125"></td>
</tr>
<tr>
<td align="center">Marc Gimeno</td>
<td align="center">Iván Almerich</td>
<td align="center">Nacho Escriche</td>
</tr>
</tbody>
</table>
<table width="100%">
<tbody>
<tr>
<td align="center">Vocal</td>
<td align="center">Vocal</td>
<td align="center">Vocal</td>
<td align="center">Vocal</td>
</tr>
<tr>
<td align="center"><img decoding="async" src="imagenes/JoseCastroagudin2.jpg" alt="" width="125"></td>
<td align="center"><img decoding="async" src="imagenes/SebasLliso2.jpg" alt="" width="125"></td>
<td align="center"><img decoding="async" src="imagenes/Polo2.jpg" alt="" width="125"></td>
<td align="center"><img decoding="async" src="imagenes/CristianPiqueras2.jpg" alt="" width="125"></td>
</tr>
<tr>
<td align="center">José Castroagudín</td>
<td align="center">Sebas Lliso</td>
<td align="center">Fernando Almonacil</td>
<td align="center">Cristian Piqueras</td>
</tr>
</tbody>
</table>


<p></p>

<p>Presidente Vicepresidente Secretario Tesorero Fede Romeu Miguel García Javier Sánchez Jorge Civera Vocal Vocal Vocal Marc Gimeno Iván Almerich Nacho Escriche Vocal Vocal Vocal Vocal José Castroagudín Sebas Lliso Fernando Almonacil Cristian Piqueras</p>
 <a class="more-link" href="https://www.valenciabass.com/?page_id=60"><span class="more-msg">Sigue leyendo &rarr;</span></a>
